t s = w - 14. Is s a composite number?
False
Suppose -5*o + 8 + 2 = q, -q = 3*o - 6. Suppose 0 = 2*d - o, -4*h - 4*d - 7 = 9. Let j(i) = -2*i**3 - i**2 + 3*i + 1. Is j(h) composite?
False
Let b = 48125 + -10408. Is b a prime number?
True
Let m = 10454 - 5958. Suppose 2*n - 2*i = m, -2*n - 2*i + 1907 + 2569 = 0. Is n composite?
False
Suppose -17*j - 970 = -22*j. Suppose -3*c + 3*i - 4*i = -145, 4*c + i = j. Suppose p + 5*x = c, 2*x = -p - 2*p + 121. Is p composite?
True
Suppose 0 = 5*m - i + 167 - 11, -3*i - 152 = 5*m. Let p = 920 - m. Is p a prime number?
False
Is (-1 + (-4179)/(-2))/(276/1656) prime?
False
Suppose -3*y = -0*y + 546. Let s = y + 339. Is s a composite number?
False
Let s = 14034 + 675. Is s a prime number?
False
Suppose 10 - 5 = o. Suppose 5065 = o*m + 5*w, 5025 = 2*m + 3*m - 5*w. Is m a prime number?
True
Let b(y) = y**3 + 12*y**2 + 10*y - 11. Let c be b(-11). Is 237/(2 - c - 1) a composite number?
True
Let f be (-1)/2 + 14/(-4). Suppose 3*g + 31 = -2*a, g - 4 - 7 = 2*a. Is (-28)/a + 2/f prime?
True
Let k = 72 + -5. Let s = k + -40. Suppose 3*x - 18 = s. Is x a prime number?
False
Suppose o = -c - o - 28, 2*o + 4 = 0. Let h be ((-4)/(-3))/((-8)/c). Suppose -h*p + 1923 = -n, -3*p - 4*n + n = -1446. Is p prime?
False
Let c be (1 - -2)/((-8)/(-336)). Let x be c + (-4 - (-4 + -4)). Suppose -y + 390 = 5*w, 2*w + 1 - x = 5*y. Is w prime?
False
Is (-630290)/(-4)*(-6 + (-128)/(-20)) prime?
True
Suppose 96*i - 87*i - 99243 = 0. Is i composite?
False
Let j = 43 + -62. Let u = j - -22. Is u + 3/(12/1616) prime?
False
Let d(i) = i - 19. Let g be d(16). Let l be ((-35)/14)/(g/6). Suppose 1058 = l*m + 3. Is m a composite number?
False
Let o be (-1 - -2)*(3 + 2). Let z(k) = 58*k**2 + 11*k - 6. Is z(o) a composite number?
False
Is 1*(-5)/(-10) + 94728/16 a prime number?
False
Suppose 141 = -7*c + 4082. Is c a prime number?
True
Suppose a + 5*q = 86, q - 102 = -2*a + 5*q. Suppose -a + 171 = -5*d. Let z = 31 - d. Is z prime?
True
Let g(u) = -77*u**3 - u**2 - 7*u - 13. Is g(-4) prime?
False
Let f = 431 - 187. Suppose -o - f = -1013. Is o a prime number?
True
Let i = 7 - 3. Suppose -i*m + 4 = -0. Is ((-957)/9)/(m/(-3)) a prime number?
False
Let g be 388/10*(-45)/(-18). Let f = 680 - g. Is f a prime number?
False
Suppose -3*r = 5*n - 24, -32 = -5*r + r - 5*n. Suppose -r = -5*f + f. Is f*(3 - 0 - -34) prime?
False
Suppose r - 181 = -0*n - 2*n, -r + 175 = -n. Suppose -3*k = 2*x - 3*x + 92, -r = -2*x - k. Is x a prime number?
True
Suppose -41*i - 191 = -42*i. Is i prime?
True
Let n(l) = 0 + 3*l**2 - 7 + 3 - l**2 + l. Let t be n(5). Suppose -3*q = -j - t - 171, j - 74 = -q. Is q composite?
True
Suppose -12474 = 3*m - 14*m. Suppose 2388 = 3*w - 3*u, 3*w - 1242 - m = -3*u. Is w prime?
False
Suppose 3*m - v = m + 950, -489 = -m - 3*v. Let p(a) = a**2 - 10*a + 4. Let x be p(10). Suppose -m = -3*w - 3*f, -652 = -8*w + x*w + 4*f. Is w composite?
True
Let h(p) = 4*p**3 + p**2 - 12*p - 5. Let r(b) = 3*b**3 + b**2 - 11*b - 6. Let n(i) = 4*h(i) - 5*r(i). Let d be n(7). Let f = 750 - d. Is f prime?
True
Is (2 + -1713)*(6 + -7) prime?
False
Suppose 0 = 2*d + 3*d - 9765. Suppose -1301 = -2*k + n, 3*k - n - n - d = 0. Let c = k + -310. Is c prime?
False
Suppose 143*x = 151*x - 24136. Is x a composite number?
True
Let j(p) = -p - 2 - p - 2*p + 3*p. Let d be j(-2). Suppose d = -4*f - 140 + 1312. Is f a composite number?
False
Let l = 12 - 9. Suppose l*h - 3 = 192. Suppose -h = -6*y + y. Is y prime?
True
Let r(b) = -b**2 + 18*b - 4. Let s(x) = -x + 8. Let d be s(5). Suppose 0 = -j, -3*w - d*j + 27 = -8*j. Is r(w) composite?
True
Let f(t) = t**3 - 7*t**2 + t + 1. Let k be f(7). Let r be -2 + 1/(2/k). Suppose 0*c + r*c = 166. Is c prime?
True
Suppose 5*m = 5*a + 1050, -3*a - 542 = 2*m + 68. Let y = a - -140. Let b = y + 105. Is b a composite number?
True
Let r = 14 + -13. Suppose 2*d = o - r, -5*d = -3*d + 2*o - 14. Suppose 2*y = -2*y - 5*s + 374, -2*y + 186 = d*s. Is y composite?
True
Let q = 247 - -1990. Is q a composite number?
False
Let s(l) = -40*l + 49. Let m(h) = -1. Let g(z) = -2*m(z) - s(z). Is g(19) a composite number?
True
Let b be (-1)/(-4) - (-15078)/(-24). Let d = 1301 + b. Is d a composite number?
False
Suppose 3*q - 5 = -i - i, 21 = 4*i - 5*q. Suppose 4*a = 2*v, -a = -i*v + 2*a - 20. Is (v/(-12))/(2/363) a composite number?
True
Let p(g) = 5*g - 3. Let m(l) = l**2 - l. Let n(t) = -6*m(t) - p(t). Let q be n(5). Is 2/(-2 - 288/q) composite?
False
Suppose 4*y = -y + 15. Suppose -3*z + 2*z = 3*l - 7, -y = 5*l - 2*z. Let b(w) = 87*w. Is b(l) composite?
True
Let z(q) = 7*q + 62. Is z(21) a composite number?
True
Let v = 159 - 907. Let z = -251 - v. Is z composite?
True
Let i(l) = 650*l + 79. Suppose 0 = -158*t + 163*t - 35. Is i(t) prime?
False
Let d be 2/5 - (-408)/30. Let h = d + -18. Is (-114)/h*8/6 composite?
True
Suppose 37 = 4*f - 551. Is f - 2/(-1) - 0 prime?
True
Suppose 3*y + 63 = -5*m, -2*m - 3*y = 26 - 8. Let f = m - -15. Suppose f = 5*s - 0*s + 5, 5*x - 1899 = 4*s. Is x prime?
True
Suppose 38*s = 74*s - 1873836. Is s prime?
True
Suppose -29 - 6 = -r. Suppose -r*u + 2514 = -32*u. Is u a composite number?
True
Let j(z) = 112*z**3 - 5*z**2 - 27*z - 41. Is j(8) composite?
False
Let p(r) = 126*r - 5. Let u be p(-10). Let z = u + 2050. Is z composite?
True
Suppose 4*k - 10 = 5*n, -4*n + 0*n - 8 = k. Suppose 12*r - 5*r - 1477 = k. Is r a composite number?
False
Suppose 4*i = 161 - 61. Suppose -5*f - 10 = -i. Suppose -3*l + 390 = f*s, 3*l - 109 - 260 = 4*s. Is l composite?
False
Let z = -69 - -717. Let r = z - 344. Suppose -3*j = o - r, -4*o - 3*j = -534 - 691. Is o prime?
True
Suppose 2*g = -2*g + 60. Suppose -4*z + g - 3 = -4*f, -2*z + 5 = -f. Is z/(-1) + 226 + -1 a composite number?
False
Suppose 13*b - 12 = 9*b. Suppose 6490 = -b*s + 13*s. Is s a prime number?
False
Let i(w) = -1. Let f(r) = r + 36. Let z(q) = f(q) + 4*i(q). Is z(-13) a prime number?
True
Suppose k - 33*o = -35*o + 19, -2*o = 5*k - 71. Is k composite?
False
Suppose 5*k + 47 = 62. Suppose 2*q - 2*i = -0*q + 16, -20 = 5*i. Suppose k*g - 608 = -q*f, -5*f + 757 = 4*g - g. Is f a prime number?
True
Let l = 11 - 9. Is (-3)/(l + 548/(-268)) prime?
True
Let x(z) = -3*z**3 - 12*z**2 + 12*z - 4. Let i(b) = -4*b**3 - 13*b**2 + 12*b - 5. Let w(s) = 2*i(s) - 3*x(s). Is w(-9) prime?
True
Suppose -q + 8097 = 2*f, -7*q + 40459 = -2*q - 3*f. Is q a composite number?
False
Let z(h) = -62*h - 14. Let x be z(13). Is -3*(x/6 - 3) a composite number?
False
Let s be 2628/8 + 2/4. Suppose 7*a = -70 + s. Is a a composite number?
False
Let f = 153 - 145. Is (-4 + (-3 - -5))/(f/(-3124)) prime?
False
Let v(f) = -f**2 - 10*f - 8. Let g be v(-6). Let s = -12 + g. Suppose s*w - 107 = 129. Is w a prime number?
True
Let s(l) = l**2 + 8*l + 11. Let q be s(-7). Is 9*q/12 + 518 a composite number?
False
Let b(f) = f**3 - 8*f**2 + f - 4. Let c be b(8). Suppose -c*y = -2*s + 5*s - 1011, 4*y - 981 = 3*s. Suppose -i + 5*a = i - y, 2*i - 3*a = 251. Is i composite?
False
Let y be 3/(-1 - 2)*(2 + -710). Suppose -20*m + 16*m + y = 0. Is m composite?
True
Suppose 2*c = 2*q, 0 = -6*q + 5*q + 3*c - 6. Suppose 0 = -2*h + 2*u + 4, -15 - 9 = -3*h - q*u. Suppose 0 = 5*d - 5*o - 1515, -h*o = -2*d - d + 901. Is d prime?
True
Let z(y) = -9*y**3 - 5*y**2 - 2*y - 7. Is z(-8) prime?
True
Let w be ((-6)/(-4))/((-9)/(-12)). Suppose -w*j = -4*z - 4*j + 1494, 0 = z - 2*j - 371. Is z composite?
False
Suppose -4*d + 0*k = -k - 8, -2*k - 12 = -4*d. Let f be 1 + 1/(-1) + d. Is (-3 - -86)/(f/1) prime?
True
Let f(u) = 20*u**3 - 3*u**2 + 2*u + 12. Suppose -5*m + 28 = -3*h, 2*m + 22 = 7*m + 3*h. Is f(m) prime?
True
Suppose 8*m = -0*m + 190360. Is m composite?
True
Let b be (-1)/3 - (8948/12 - -6). Let x = b - -1639. Is x composite?
False
Suppose 5*a - 2*o = a + 26, -3*a - 5*o = 13. Suppose 2*x = l + a, -30 = 3*l - x - 8. Let z = l + 29. Is z prime?
False
Let d = -310 + 563. Is d composite?
True
Is 1 - 0 - (-2215 + -9 + 10) a composite number?
True
Let s(i) = 100230*i**2 + 9*i - 8. Is s(1) composite?
True
Let x = -2296 + 20885. Is x prime?
False
Let w = -2773 - -8876. Is w composite?
True
Suppose 3*s + 4*q - 14 = 3*q, -5*q = 4*s - 26. Suppose s*y + 2*y - 1794 = 0. Is y composite?
True
Suppose -2*k = m - 843, 2*m + m - 2565 = 3*k. Let x = m + -313. I